8)/16) - (1 + -418) is divided by 120?
64
Suppose -5*v + 4*p + 800 = 0, -3*v - 4*p = -2*p - 502. Let a = v + -146. What is the remainder when 53 is divided by a?
17
Suppose -2*g = -2*u + 1610, 4*u - 1146 = -2*g + 2098. Calculate the remainder when u is divided by 136.
129
Let l = 13 - -37. Let u(o) = -o**2 + 265*o - 5970. Calculate the remainder when u(26) is divided by l.
44
Let r = -5964 + 6113. Calculate the remainder when 899 is divided by r.
5
Let b be ((-4*1)/4)/(-1)*3. Suppose y = 7*g - 3*g + 41, 5*y + b*g = 113. What is the remainder when 23 is divided by 0/1 + y/5?
3
Let d(i) = i**2 - 67*i - 1322. Calculate the remainder when d(-42) is divided by 1082.
10
Let s(l) = -42*l**3 - 2*l - 1. Suppose -198*z - 1550 + 3467 + 2043 = 0. What is the remainder when s(-2) is divided by z?
19
Suppose -10*y = -19 - 41. Let n be (-8)/(2 + 2) - -87. Suppose 0 = -y*g + g + n. What is the remainder when 66 is divided by g?
15
Let c = -175 - -177. Suppose 2*h + c*u = 5*h - 1064, 0 = 3*h - 4*u - 1060. Calculate the remainder when h is divided by 51.
50
Let f(b) = -13*b**3 - 2*b**2 - 7*b. What is the remainder when f(-2) is divided by (-5)/((-30)/(-171))*(-56)/84?
15
Let v be ((-2)/2)/((-15)/(-255)). Let q = v - -311. Calculate the remainder when q is divided by 8.
6
Suppose 2*t = 5*m + 172, -m - 31 = t + 9. What is the remainder when 277/25 - m/(-450) is divided by 2?
1
Let n(o) = -150*o - 916. Calculate the remainder when n(-7) is divided by 37.
23
Suppose 0 = -3*r + y + 158, -3*r = 3*y - 257 + 95. Suppose -190 = -5*s + 60. Let i = -23 + s. What is the remainder when r is divided by i?
26
Suppose -4*c = 3*z - 3545, 5*c + z = 5*z + 4377. What is the remainder when c is divided by 11?
1
Let i = 200 + -194. Suppose -212 = -i*d + 124. Calculate the remainder when d is divided by 20.
16
Let i(h) = h**3 + 7*h**2 + 31*h + 122. What is the remainder when 7817 is divided by i(-5)?
14
Suppose -12*n = 4*f - 9*n - 441, -2*f + 11*n = -183. What is the remainder when f is divided by 105?
3
Let v(d) = 5*d - 8. Let i = 11250 - 11077. Calculate the remainder when i is divided by v(6).
19
Calculate the remainder when 0 + -1 + 57/51 + 51372/17 is divided by 16.
14
Let y = 3131 + -2862. Let t = 100 + -7. What is the remainder when y is divided by t?
83
Suppose 2*s - 2*v - 70 = 0, 3*s - 143 = -s + v. Calculate the remainder when 1078 is divided by s.
34
Let k(u) = -63*u + 17. Let h be k(-2). Suppose -13 - 16 = -x + 2*w, -4*x - w + h = 0. What is the remainder when x is divided by 12?
11
Let m = -95734 + 95761. Calculate the remainder when (1 - 50/1)*-6 is divided by m.
24
Let p = -36 - 41. Calculate the remainder when (-4)/22 + ((-100352)/p)/7 is divided by 27.
24
Suppose -1199 = 3*r + 5*l + 296, 5*r + 2481 = -3*l. Calculate the remainder when 125 is divided by -14*(r/10)/11.
62
Suppose -26*x = -14*x - 5592. What is the remainder when 1319 is divided by x?
387
Let i = -226 - -316. Let x = 48373 - 48204. Calculate the remainder when x is divided by i.
79
Let y = -267 + 351. What is the remainder when 532 is divided by y?
28
Suppose -121*z + 225*z + 2736 = 122*z. What is the remainder when z is divided by 107?
45
Suppose -4*k = i + 18 - 1622, -1652 = -i + 2*k. What is the remainder when i is divided by 206?
194
Suppose -s + m + 44 + 185 = 0, -2*m - 687 = -3*s. Let n(r) = -r**3 + 7*r**2 - 3*r + 8. What is the remainder when s is divided by n(6)?
21
Let m = -4647 - -4664. What is the remainder when 211 is divided by m?
7
Let u = 780 + -751. Suppose -6*a = -2*a - 452. Suppose -a = -2*y + y. Calculate the remainder when y is divided by u.
26
Suppose 5*h - h - 197 = -5*z, -z = h - 51. What is the remainder when 2434 is divided by h?
56
Calculate the remainder when (229 - -4 - 4) + -12 is divided by 63.
28
Let w = -40 + 38. Let t = -117 - -122. Calculate the remainder when (-4)/(-10) - (w + 178/(-5)) is divided by t.
3
Let f = 5134 - 5100. What is the remainder when 79 is divided by f?
11
Suppose 69*y - 95805 = 11*y + 244655. What is the remainder when y is divided by 16?
14
Suppose 6*l = -1060 + 1426. What is the remainder when l is divided by 11?
6
Suppose 3*h + 0*p - 13 = -p, 4*h - 22 = p. Suppose -h*x + 60 = 10*x. What is the remainder when 19 is divided by x?
3
Let q be ((-4)/12)/(12/(-216)). Calculate the remainder when 5 is divided by -4 - (q - 4)*-4.
1
Suppose 0 = 4*m - 0*m - 12. Suppose 0 = 3*p - 2*p - m*i - 1, i = 3*p - 11. Calculate the remainder when p is divided by 3.
1
Let s(b) = -5*b**3 + 49*b**2 + 47*b + 10. Calculate the remainder when s(9) is divided by 88.
53
Let q = 6353 - 6302. Calculate the remainder when 283 is divided by q.
28
Let f be (-12)/(-5)*20/6. Let k be (-9*(-16)/(-96))/((-2)/(-4)). What is the remainder when f/20 - 113*k/15 is divided by 5?
3
Suppose 0 = -6*b + 6 + 6. Suppose 0*o = o + b*r - 84, -2*r = -5*o + 408. Let w(k) = k**2 - 4*k - 4. Calculate the remainder when o is divided by w(7).
14
Let o(s) = 3*s**2 - 9*s + 5. Let u be o(3). Suppose 15 = -0*t + u*t. Suppose 25 = a + t. What is the remainder when a is divided by 14?
8
Suppose 1175 = 3*r + 4*y, -5*r + 6*r + y - 393 = 0. Suppose 3*x = -0*u + 5*u - 397, 4*u - 4*x - 316 = 0. What is the remainder when r is divided by u?
77
Suppose 0 = -v + 105 - 1. What is the remainder when v is divided by ((-11)/(66/78) + 9)*38/(-4)?
28
Let p = -261 - -273. Suppose 8 = 2*x - p. Calculate the remainder when x is divided by 6.
4
Let q = 33233 - 33187. What is the remainder when 7401 is divided by q?
41
Suppose -47*b = -6*b - 123. Suppose 0*g + 53 = g - 3*a, 0 = 4*g + b*a - 287. Calculate the remainder when 119 is divided by g.
51
Suppose 2*q = y - 143, -16*q - 20 = -12*q. Suppose 139 = 3*v - 5*c, c - y = -5*v + 136. Calculate the remainder when 121 is divided by v.
15
Calculate the remainder when 771 is divided by (-20 - -21)*610*1/2.
161
Let i = 327 - 304. Let m(c) be the second derivative of -c**3/6 - 3*c**2 + 8*c. Calculate the remainder when i is divided by m(-12).
5
Let h(s) = -61*s - 84. Let l be h(4). Let z = -284 - l. Suppose -2*v = -32 - 230. Calculate the remainder when v is divided by z.
43
Let v(i) = -18378*i + 18394. Suppose -4*c = 3*b - 234, 2*b = c + 4*c + 179. Calculate the remainder when b is divided by v(1).
2
Let l = -21227 - -23149. What is the remainder when l is divided by 69?
59
Let o = 91 + 17. Let x = o - 21. Calculate the remainder when x is divided by (-9213)/(-332) - 9/(-4).
27
Suppose 15*k = 12*k + 321. What is the remainder when (72/(-32))/3 + k/4 is divided by 19?
7
Let b(k) be the first derivative of 5*k + 1/2*k**2 - 12 + 5/3*k**3. What is the remainder when b(5) is divided by 34?
33
Let c(d) = 8*d**2 + 34*d + 114. What is the remainder when 198 is divided by c(-4)?
92
Suppose 40*m - 135 = 13*m. What is the remainder when 158 is divided by m?
3
Let u(z) = -51*z - 638. Calculate the remainder when 380 is divided by u(-15).
126
Let u = -42 - -87. Let x = 55 + -70. Let v(t) = -t**2 - 25*t - 18. Calculate the remainder when v(x) is divided by u.
42
Let b be (-40)/(-100) + 8/5. Suppose 0 = 2*z + 4, c + 4*z - 3 = b. Calculate the remainder when 14 is divided by c.
1
Let b(a) be the third derivative of a**5/60 + a**4/6 - a**3/6 - 10*a**2. Let s(c) = -8*c - 8. Calculate the remainder when s(-6) is divided by b(-6).
7
Suppose 0 = -13*z + 14*z + 18. Let s = -21 - z. Calculate the remainder when 98 is divided by 202/4 + s/6.
48
What is the remainder when 472700/174*(-18)/(-12) is divided by 15?
10
Suppose 7*p + 4*p + 11 - 2178 = 0. What is the remainder when p is divided by 44?
21
Let t(h) = -h**3 - 8*h**2 - 2*h - 14. Let n be (-16)/20*3/(6/20). Let u be t(n). Calculate the remainder when 13 is divided by u + (2 + 3 + -2 - -3).
5
Let k = -16 + 22. Let g(v) = -80*v + 385. What is the remainder when g(4) is divided by k?
5
Let a(l) = 3*l + 12. Let q be a(-16). Let g be (8*-6)/((-27)/q). What is the remainder when (3/(-6))/(260/g - -4) is divided by 4?
0
Let a be 1 + (-4)/6 + 34732/114. Let y = a + -177. What is the remainder when y is divided by 22?
18
Let v = 364 + -158. Suppose 42 + v = 4*r. Calculate the remainder when r is divided by 32.
30
Let n = 1373 + -1041. What is the remainder when n is divided by 6?
2
Let h(w) = w**2 + 17*w + 1. Let d be h(-9). Let u = 163 + d. Calculate the 